culate -18 - (-12 + -9 + 18).
-15
(7 - 0) + (-87 - -71)
-9
Calculate 12 + 0 - (1 - (24 + -16 + 1)).
20
Calculate (-192 - -204) + (4 + -2 - 2).
12
Calculate -7 + 1 + 0 + -1944 + 1942.
-8
8 + (2 - -24) - (-17 - (-13 - 9))
29
Calculate 8 + (26 - 56) - -27.
5
What is the value of 15 + -4 - (0 + (-5 - -3) - 1)?
14
-14 - 2 - (-5 + -3 - (-16 + 11))
-13
What is the value of 0 + -5 + -3 - (-67 - -68)?
-9
What is (-34 - -32 - (1 - 1)) + 2?
0
Evaluate -8 - (-2 - (-14 - -12)).
-8
Evaluate -7 + 2 - (-1 + (4 - (-9 + 7))).
-10
What is (1 - 4) + 17 - 4?
10
Evaluate -3 - ((-23 - (-37 - -19)) + (1 - 3)).
4
Evaluate -9 - (5 - (9 - -2) - -8).
-11
-36 + (9 - (28 - 44))
-11
Calculate 1 + (-20 + 22 - 1).
2
Evaluate -3 + (26 + 6 - 24).
5
Calculate (4 + 1 - ((6 - 11) + 0)) + 0.
10
Evaluate -22 + 27 + (17 - 34).
-12
-7 + 3 + (17 - 4) - 1
8
What is -1 - (-6 + 30) - -23?
-2
What is the value of 127 - 134 - (3 + 1 + -9)?
-2
What is 3 + (-15 - -23 - -3)?
14
What is the value of -8 + -9 + 11 + 3 + -6?
-9
Evaluate 19 + -21 + (10 - 14).
-6
-6 + -1 - (18 + -11 - (-2 + 5))
-11
Calculate 15 + -28 + -9 + 18 + (-10 - -1).
-13
Calculate (7 - (3 - 2)) + (-8 - 57) + 36.
-23
12 - 12 - (2 + -16)
14
-12 + (41 - 25) + 17
21
2 + (-1 - 3) - (-69 - -96)
-29
What is the value of -7 + 1 - (5 + -3 + -6)?
-2
Calculate (-6 + 16 - 10) + (20 - 2).
18
Calculate 4 + (-22 - (-14 - (-16 + 20))).
0
What is 1 + -7 - (-65 - -75) - -10?
-6
Calculate -38 + 0 + 13 + 32.
7
-36 - (-7 + -2) - (4 + -9)
-22
What is the value of 13 + 0 - (-57 - (-22 + -49))?
-1
Calculate 3 - (-13 - -24) - 2.
-10
What is 9 - (4 - -1) - (7 - -1 - 2)?
-2
Calculate (5 - (-1 - -14)) + -21.
-29
Calculate (-5 + -2 + (4 - 6) - -3) + -2.
-8
What is the value of ((-1 - 12) + (14 - 8) - -5) + 14?
12
Calculate (18 - (-9 + 5)) + -18.
4
Evaluate -11 + -15 + 0 + 13.
-13
Evaluate -12 + (5 - 2) - -1 - (2 - 0).
-10
Calculate -9 + 15 + -9 - (11 - 1).
-13
Evaluate (-33 - -5) + 0 + -5 + (-14 - -11).
-36
Evaluate (-3 - -6) + -1 + 2 + 0.
4
Calculate -1 - 1 - (23 + -39 + 6).
8
What is the value of -22 + 12 + 22 - 12?
0
What is 0 - -7 - 0 - (-53 - -66 - 4)?
-2
What is the value of -13 + (6 - (-1 - 4)) - -9?
7
Calculate 9 - (0 + 4 + 4) - -8.
9
-5 + (-6 - -3) + (71 - 67)
-4
9 - (2 + -8 + 20 + -22)
17
Calculate 7 - (-5 - (-8 + 3 - (-3 - 3))).
13
What is the value of 4 + -6 - 5 - (-10 - -12)?
-9
What is (28 - -1) + 699 + -748?
-20
-6 + (18 - (-9 - -15)) - 6
0
Evaluate -2 + -2 + 10 + -18.
-12
Evaluate 0 + (13 - (-3 + 6)) + (2 - -14).
26
What is the value of 0 - (-16 + 19 + -2 + 3)?
-4
Evaluate (-51 + 22 - -42) + (14 - 2).
25
Evaluate 4 + 0 - (-9 - (3 - (12 + 5))).
-1
Evaluate -55 + 35 + -15 - -39.
4
What is -16 - (-1 - 5 - 30)?
20
What is -7 + -12 + -11 + 32 + 3?
5
31 + -9 + -58 - -36
0
Evaluate 25 - (-3 - -26 - -4).
-2
What is (-46 - (11 - 44)) + 35 + 1?
23
What is (-28 + 27 - -8) + -23?
-16
-11 + (18 - (-13 - (-13 + 25)))
32
(-6 + -2 - -17) + -7
2
Evaluate -5 - ((142 - 140) + -2 + 0).
-5
What is the value of (-1 - -3 - (24 - 16)) + -8?
-14
(14 - 16) + (-8 - (3 - 8)) - -16
11
(-4 - (6 + -20) - (-2 - -8)) + -10
-6
-10 + (0 + -15 + 3 - -3)
-19
Evaluate 37 - 36 - (2 - -5 - -13).
-19
What is -8 - (-33 + 39 - (2 + 13))?
1
Evaluate -11 + 9 - (11 - (-1 + 1)).
-13
-14 - -6 - -15 - -3
10
What is the value of -16 - (-3 - ((-1 + -10 - -22) + -9))?
-11
-6 - ((4 + -7 - -7) + 130 + -166)
26
Evaluate (-11 - -6 - -12) + (19 - 34).
-8
What is -26 + 0 - (-9 + -23)?
6
4 + -2 + (-6 - (45 + -51))
2
What is 5 + -14 + 6 + 6 - (-8 + 11)?
0
Evaluate 5 + (-3 - (-9 + -2 + 6)).
7
What is the value of -9 + (2 - 4) + 5 + -8 - 3?
-17
Calculate 26 + (-57 - -32) - 5.
-4
What is -9 + (-2 + 0 - (-111 - -93)) + -3?
4
-14 - (5 - (12 - 0) - 0)
-7
Evaluate (0 + 0 - -6) + 12 + -23.
-5
0 + (10 - (8 - ((1 - 6) + 10)))
7
Evaluate (-2 + 12 - 21) + 36 + -4.
21
Evaluate (-15 - (-13 - 1)) + 5.
4
What is the value of -11 + (7 - (2 + 5))?
-11
What is the value of (1 - 8) + 17 + -20?
-10
What is 0 - ((10 - 5) + -2 + -8 - -9)?
-4
-12 - (-4 - (-6 - -7))
-7
-22 - 0 - (359 - 375) - -33
27
Calculate -5 - (4 - (-8 + 5)).
-12
What is -6 + 10 + -9 + -5 + 8 + 6?
4
What is the value of 142 - 139 - (0 + 3 - -20)?
-20
What is the value of (11 - 7) + (0 + -7 - -22)?
19
What is -29 - (-11 + 40 + -37)?
-21
What is 0 + (46 - 18 - 20)?
8
Calculate 8 - (-1 - (-22 + 11)) - 12.
-14
0 + 9 + (-5 - (6 - -15) - -9)
-8
-21 - (-36 - (20 + -20))
15
Calculate -19 - -1 - -15 - 1.
-4
Evaluate -16 + (-23 - (-16 + -27)).
4
Calculate 13 + -3 + (-2 - -2) + (-4 - -8).
14
Evaluate (-7 - (0 - 10)) + 0 + 6.
9
What is -12 + 1 + (-61 - -37 - -30) + 29?
24
Calculate (158 - 157) + (-14 - -1).
-12
Evaluate 26 - 19 - (-4 - 1).
12
Evaluate -23 - (-7 + (33 - 54)).
5
Evaluate -19 + 6 - -16 - ((-1 - 3) + -18).
25
What is the value of -1 + (-3 - (17 - 9) - (-6 - 1))?
-5
Calculate (57 + -15 - 34) + -8.
0
What is the value of 14 + (1 - (1 - (10 + -35)))?
-11
What is 166 + -194 - (-4 + 2 + -1 - -1)?
-26
(-2 - (-6 + 12)) + 8 + -12 + 29
17
Calculate 11 - (-53 + 51) - (-6 + 1).
18
(0 - 15) + -23 + 74 + -43
-7
19 + -3 + (73 - 83) - (4 + 1)
1
Calculate -10 + 39 + -9 + 5 + (2 - 10).
17
-5 + (-6 - -68) + -15 + -14
28
What is the value of (-14 - (-2 - -1)) + (208 - 212)?
-17
-29 - (-29 + 0) - 10
-10
-4 + (3 + -1 - -8 - (3 + 0))
3
What is the value of 7 + (-7 - -1 - -8) + 0 + 8?
17
What is the value of (4 - 0) + (14 + 28 + -12 - 17)?
17
What is the value of -2 + 11 + -3 + -11 + 20?
15
What is -9 - -1 - (-7 - (-26 - -16))?
-11
Calculate (-3 - ((12 - 5) + -9) - 1) + -10.
-12
-18 - -43 - (4 - -4)
17
7 - 6 - 35 - -15
-19
575 + -591 + (2 - -1)
-13
What is the value of -102 + 99 + (-1 - 0)?
-4
-24 - -9 - -18 - (0 - 7)
10
What is the value of 1 - (-8 + (5 - 5))?
9
What is (-12 - -12) + 9 - 10 - 17?
-18
What is -7 - -11 - -2 - (-9 - -14) - 1?
0
Calculate -3 + -12 - -8 - -12.
5
Evaluate 25 + (-69 - (0 - 28)).
-16
Calculate (7 - 2 - -12) + -8.
9
Evaluate -18 + 9 + -2 + (0 - -11).
0
What is 84 + -98 + (25 - 1)?
10
Evaluate -43 - 2 - (1014 - 1062).
3
What is -7 + 6 + (7 - -6 - 5 - 0)?
7
What is (0 - 4) + 2 + 11 + -11 - 3?
-5
0 + (-6 - -4) + -4 + (-3 - -9)
0
Calculate -5 - (-9 + -7 + 8 + 7).
-4
Calculate 6 + (210 - 223 - (2 + 1 - 0)).
-10
Evaluate (2 - 2) + (1 - ((10 - 9) + 8)).
-8
-84 + 96 - (36 + 2)
-26
What is 3 - ((-13 - (-2 + 2)) + 24)?
-8
Calculate (21 - 45) + 2 - -17.
-5
Evaluate -5 + 0 - (0 + -46 - -39).
2
-12 + (-1 - -1) + (-13 - -15 - -4)
-6
What is (9 - (-14 - -10)) + (-2 - 4) - -6?
13
What is the value of -47 + (30 - (-32 + 10))?
5
Evaluate -8 - -6 - ((0 - 9) + (-62 - -97)).
-28
Calculate -1 + 9 - -21 - 4.
25
Calculate 6 + -8 + -6 + 17.
9
What is 5 - 11 - (-7 + 4 + 3) - 7?
-13
Evaluate 3 + -8 + 14 + -16.
-7
What is (-4 + 0 - (-4 + 13)) + 5 + 5?
-3
Calculate -61 + 53 + 0 + 30 - (-1 + 3).
20
Calculate 0 - (-9 + (-1 - -3) + 9).
-2
Calculate (2 - (-2 + -2)) + 26 + -25.
7
Calculate -5 - (5 + 9 + -18 + -11).
10
-43 + 2 + (1 - 13 - (76 - 99))
-30
Evaluate -9 + 1 - (-28 + 12 + -4).
12
Evaluate 8 + (-21 - 14 - -8 - 12).
-31
What is the value of -5 + -1 + 7 + (-1 - (-4 - 4))?
8
Evaluate (-10 + 38 - -17) + -12.
33
-22 - (-48 - -36 - (-3 - -3))
-10
Calculate 2 - 9 - (-163 + 176).
-20
-16 - (27 + -66 - -12)
11
-30 - ((-3 - 6 - -2) + (-73 - -72))
-22
What is (103 - 108) + -5 + 0 + 0 + 7?
-3
978 - 965 - (0 - -15)
-2
8 + 12 + 18 + -13
25
-9 + 1 + 34 + -21
5
What is (6 - 0) + 286 + -280?
12
Evaluate -10 + 7 + (-19 - -23).
1
What is the value of -2 + (-5 - -2) + (19 - 9 - 13)?
-8
Calculate -1 - -17 - (-11 + -1 - (131 + -151)).
8
(16 - 14 - 11) + 8
-1
Calculate -25 - -1 - -27 - 0.
3
Evaluate -21 + -10 + 21 - 4.
-14
Evaluate (-8 - (-17 - -2)) + -17.
-10
What is (-19 - -4) + (60 - 41)?
4
-81 + 92 - (0 - -3)
8
What is the value of 4 + 7 + -24 - -13?
0
Calculate (-17 - (-30 + (10 - 6))) + -25.
-16
What is (-4 - -6 - -4 - 23) + 1 + 6?
-10
(35 - 50) + 15 + -24
-24
What is -1 - 4 - (-7 - -2) - 8?
-8
What is the value of 2 - ((-5 - -4 - 14) + 11 + -3)?
9
Evaluate (-12 + -9 - -7) + 11.
-3
Evaluate 23 + 0 + (-40 - (14 - 50)).
19
What is the value of 0 + -5 + 3 + (11 - 2 - -4)?
11
What is -15 + 8 + 3 - -9?
5
Evaluate 11 + (-20 + -26 - -25).
-10
Calculate 5 + 1 + -6 - 4 - -5 - 4.
-3
(3 - -14) + 16 - 38
-5
Calculate 0 + 1 + -14 + 7 + (41 - 25).
10
-24 - -2 - (8 - 10 - -5)
-25
Calculate -9 + (-2